the remainder when d(-2) is divided by 6?
4
Suppose -5*s = -0*s - 5*q - 30, 0 = 5*s + 4*q - 48. What is the remainder when 26 is divided by s?
2
Let g = 8 + 4. What is the remainder when 28 is divided by g?
4
Let j be (3/(-6) - 0)*-10. Let z = 30 - j. Suppose -4*i - 3*m + 0*m + 277 = 0, 15 = -3*m. Calculate the remainder when i is divided by z.
23
Let x(r) = 3*r**2 + 5*r + 4. What is the remainder when 27 is divided by x(-2)?
3
What is the remainder when ((-2)/(-4))/(11/1958) is divided by 47?
42
Suppose 0 = 5*u + 4 + 1. What is the remainder when (3 + u)/((-3)/(-6)) is divided by 2 - (-4 - -2) - 2?
0
Suppose 3*d + d - 84 = 0. Calculate the remainder when 40 is divided by d.
19
Let u = -3 - -23. Let n = u + -14. Calculate the remainder when 10 is divided by n.
4
Let f(b) = -6*b - 17. What is the remainder when 74 is divided by f(-6)?
17
Let n(b) = b + 5. Let y be n(-4). Let s = y + 1. Calculate the remainder when 43 is divided by 13 - (2 - (2 + s)).
13
Suppose 0 = -j - 0*j + 17. What is the remainder when j is divided by (-8 + -2)/((-1 + -1)*1)?
2
Suppose 0*m = -2*m - 4. Let u be 0 - (m*96 - -2). Suppose 0 = -l - 0*l - 3*x + 58, -4*l = -2*x - u. What is the remainder when l is divided by 17?
15
Let w(q) = q + 13. Calculate the remainder when w(6) is divided by 10.
9
Suppose 260 = -23*u + 27*u. Calculate the remainder when u is divided by 17.
14
Let o be (-2 - (1 - 2)) + -5. Let f = o + 12. What is the remainder when 70/f - (-3)/9 is divided by 7?
5
Let j(t) = 6*t**2 - t + 2. Calculate the remainder when 33 is divided by j(1).
5
Suppose -6*u = -2*u - 28. What is the remainder when 17 is divided by u?
3
Suppose -12 = -d - 1. Suppose -1 = x - d. What is the remainder when 29 is divided by x?
9
Suppose 0 = -0*f - f - 3. Let a(h) = -11*h - 4. Calculate the remainder when a(f) is divided by 7 + 4/((-8)/(-6)).
9
Let w(h) = -h**2 - 13*h. Let y be w(-13). Suppose 2*l - 12 - 18 = y. Suppose -g = 2*n - 90, 0*n - n = -g - 42. What is the remainder when n is divided by l?
14
Suppose 0 = 2*n - 3 - 17. Calculate the remainder when 47 is divided by n.
7
Suppose 0 = 2*b + 3*b. Let n = 26 + b. Suppose 3*g - a + 0*a - 45 = 0, 57 = 3*g - 5*a. Calculate the remainder when n is divided by g.
12
Let u = -11 - -16. Calculate the remainder when 23 is divided by u.
3
Let l(t) = -t**3 - 7*t**2 - 7*t - 4. Let p be l(-6). Let d(k) = 10*k - 3 + 2 + 0 - 9*k**p - k**3 + 3. What is the remainder when 2 is divided by d(-10)?
0
Let o = -310 - -506. Calculate the remainder when o is divided by 40.
36
Let p(i) = i + 6. Let u be p(-8). Calculate the remainder when 9 is divided by (-33)/(-7) - u/7.
4
Let p(m) = -m**3 - 5*m**2 - 4*m + 5. Suppose -6*i = -2*i, -5*i = -4*g + 24. What is the remainder when g is divided by p(-4)?
1
Let l(m) = 2*m**2 + 2*m - 8. What is the remainder when 43 is divided by l(3)?
11
Suppose 16*i = 138 + 470. What is the remainder when 151 is divided by i?
37
Let z = -1 + 3. Suppose z*h = -5*p + 25, 5*p + 75 = h + 2*h. Suppose 7*y - h = 3*y. Calculate the remainder when 14 is divided by y.
4
Let r(l) = l**3 + l**2 - l + 1. Let y(u) = -u**3 - 8*u**2 + 7*u - 7. Let m(j) = -2*r(j) - y(j). What is the remainder when m(4) is divided by 9?
8
Let v be 15*(-5)/(50/(-4)). What is the remainder when v/(-18)*(-1 - 41) is divided by 4?
2
Suppose 0 = -f - 5*j + 2*j + 33, f = j + 21. What is the remainder when 166 is divided by f?
22
Let a(h) = -5*h**3 - 2*h**2 - 2. Let x be a(-2). Suppose -7*o + 2*o = -x. Suppose -4*l - 5*j = -54, 3*j - j = 4. Calculate the remainder when l is divided by o.
5
Suppose 0 = -0*n + n - 4. Suppose k = n*k. What is the remainder when 62 is divided by 19 - 6/(k - -2)?
14
Let s(d) = -d**3. Let v be 3 + -5 + -1*1. Let j = v - -4. Calculate the remainder when j is divided by s(-1).
0
Let w = -21 - -27. Let j = 56 + -39. What is the remainder when j is divided by w?
5
Suppose 0 = m - 43 - 5. Suppose 10*x = 7*x + m. Let l(k) = 13*k**2 + 2*k - 2. Calculate the remainder when l(-2) is divided by x.
14
Suppose 5*u - 4*c = 187, 0*u - c - 37 = -u. Calculate the remainder when 114 is divided by u.
36
Suppose 4 = 5*u - 6. Suppose -u*x + 74 = -2*h, 2*x = 5*h + 23 + 42. Calculate the remainder when x is divided by 21.
19
Let f(p) = -4*p + 3. Suppose -2*x = -3*x - 2*u + 48, -2*x + 4*u + 112 = 0. Let d = 7 + x. What is the remainder when d is divided by f(-3)?
14
Suppose 3*l = -4*r - r + 103, l - 29 = r. Calculate the remainder when -4 + 10 - (-2 - 82) is divided by l.
28
Let q(c) = c**2 - 10*c + 3. Let y be q(9). Let o be 1/(10/y - -2). Calculate the remainder when 15 is divided by (6/(-4))/(o/(-16)).
7
Let w = 53 - 38. Let d = 34 - 30. Calculate the remainder when w is divided by d.
3
Suppose -z = -2*w - w - 17, -w - 29 = -5*z. Suppose 4*u = -5*q + 24, -3*u - z*q = -7*u + 24. Calculate the remainder when 10 is divided by u.
4
Let y = -9 + 22. What is the remainder when 38 is divided by y?
12
Let l(i) = 2*i + 5. Calculate the remainder when l(6) is divided by 10.
7
Let q(t) = -17*t - 27. Suppose 2*j + 0*j - 10 = 4*f, -f = -5*j + 70. Calculate the remainder when q(-5) is divided by j.
13
Calculate the remainder when ((-106)/(-8))/((-4)/(-32)) is divided by 27.
25
Suppose -2*d - 4*q - 162 = -7*d, d + 5*q - 44 = 0. Suppose 0 = -3*o + 20 + d. Calculate the remainder when o is divided by 5.
3
Let f(j) = j - 3. Let c be f(5). Suppose x - c*x = -5. Calculate the remainder when 1/((2/1)/18) is divided by x.
4
Let j = -52 - -66. Calculate the remainder when 49 is divided by j.
7
Suppose m = 6*m - 365. Suppose -p - 8 = -m. What is the remainder when p is divided by 17?
14
Let j(x) = x**2 - 7*x + 3. Suppose -3*s = 0, -4*u = -3*s + s - 124. Calculate the remainder when u is divided by j(8).
9
Suppose 3*j + 7*j - 450 = 0. Calculate the remainder when j is divided by 12.
9
Suppose -82 = -14*g - 12. Calculate the remainder when g is divided by 2.
1
Let y(n) = -25*n - 1. What is the remainder when y(-2) is divided by 13?
10
Let p be (8/5)/(3/60). Let d(l) = -l - 8. Let q be d(-8). Suppose q = 5*s - p - 28. Calculate the remainder when 35 is divided by s.
11
Let a(l) = 5*l**2 + 3*l - 23. Let j(t) = -6*t**2 - 4*t + 24. Let r(i) = -5*a(i) - 4*j(i). Calculate the remainder when 75 is divided by r(0).
18
Let u = 46 - 30. What is the remainder when 79 is divided by u?
15
Let v(g) = -75*g**2 + 3*g - 3. Let m(d) = 975*d**2 - 40*d + 40. Let b(u) = -3*m(u) - 40*v(u). Calculate the remainder when b(1) is divided by 19.
18
Suppose 16 = 4*a, 5*d - 17 = -a + 7. Suppose d*k = -k - 25, 5*h - 155 = 5*k. Calculate the remainder when 50 is divided by h.
24
Let c(d) = 2*d**3 + 3*d**2 - d. Let u be -2*(16/4)/(-4). Suppose -j = 4*z - 34, -11 - 32 = -u*j - 3*z. What is the remainder when c(2) is divided by j?
12
Let b = 66 + -25. Calculate the remainder when b is divided by (-5)/((-20)/(-6))*220/(-30).
8
Let t = 1 + -4. Calculate the remainder when (-1 + 2)/(-11*(-4)/484) is divided by -1 - t - 2/(-2).
2
Suppose 0 = 2*i - 5*i + 18. Let j = 4 - -1. Let a(y) = y**3 - 5*y**2 + 2*y + 6. What is the remainder when a(j) is divided by i?
4
Let q(n) = -n - 5. Suppose 18 = -3*g + 51. Suppose 4*y + g = -3*u - 26, -4*u = -5*y - 23. Calculate the remainder when 4 is divided by q(y).
0
Suppose -i - 6 = -15. Suppose 2*s - i = -s. Suppose 3*p + 4*u - 28 = 0, p + 3 = -s*u + 4. What is the remainder when 46 is divided by p?
14
Let d = -3 + 5. Suppose -p = -0*p - 1. Calculate the remainder when d is divided by p.
0
Suppose -3*v - 3*w + 39 = 0, 3*w = -11 - 4. What is the remainder when 49 is divided by v?
13
Suppose 4*y - 2*o = 12, -11 = 5*y + 2*o - 44. Calculate the remainder when 21 is divided by y.
1
Let p be (-8)/6*(-9)/(-3). Let t = p + 1. What is the remainder when 11 is divided by t*(12/9)/(-1)?
3
Suppose -7 = -2*c - 1. Suppose r + 23 = c*u + 6*r, -10 = -u - 4*r. Suppose -u - 12 = -m. What is the remainder when 35 is divided by m?
17
Suppose x - a - 98 = 0, -6*x + 2*a + 496 = -x. Suppose -x = -3*j - 0*j - g, -g - 138 = -4*j. Calculate the remainder when j is divided by 9.
7
Suppose 0 = -4*w + 31 - 87. Let a = 36 + w. Calculate the remainder when 3 is divided by a/10 - (-4)/(-20).
1
Suppose -30 = -3*x - 2*a, 0*a + 39 = 4*x + 3*a. Calculate the remainder when 45 is divided by x.
9
Suppose 5*x = 2*x. Let t b